{"id":23315,"date":"2023-05-04T17:17:11","date_gmt":"2023-05-04T15:17:11","guid":{"rendered":"https:\/\/www.sophiamed.de\/?page_id=23315"},"modified":"2025-01-31T17:13:45","modified_gmt":"2025-01-31T16:13:45","slug":"das-buch-medizin-reloaded","status":"publish","type":"page","link":"https:\/\/www.sophiamed.de\/index.php\/das-buch-medizin-reloaded\/","title":{"rendered":"Das Buch &#8222;Medizin Reloaded&#8220;"},"content":{"rendered":"<div class=\"wpb-content-wrapper\"><p>[vc_row row_type=&#8220;row&#8220; use_row_as_full_screen_section=&#8220;no&#8220; type=&#8220;grid&#8220; text_align=&#8220;left&#8220; background_animation=&#8220;none&#8220; padding_top=&#8220;10&#8243; padding_bottom=&#8220;10&#8243; css_animation=&#8220;&#8220; background_color=&#8220;#ffffff&#8220; css=&#8220;.vc_custom_1738340023092{padding-top: 25px !important;}&#8220; el_id=&#8220;content&#8220;][vc_column width=&#8220;2\/3&#8243; offset=&#8220;vc_hidden-sm vc_hidden-xs&#8220;][vc_empty_space][vc_column_text]<\/p>\n<h3><strong>Medzin Reloaded<\/strong><\/h3>\n<p><img \/><\/p>\n<div class=\"section\">\n<div class=\"layoutArea\">\n<div class=\"column\">\n<p class=\"p1\">2021 wurde in den USA bei 60 Prozent der Erwachsenen eine chronische oder autolmmune Erkrankung diagnos-tiziert. Nicht eingerechnet sind Betroffene mit diffusen Symptomen wie Ersch\u00f6pf-ung, Schlafst\u00f6rungen, kognitiven Problemen oder unklaren Schmerzen und Entz\u00fcndungen. Dabei werden die Patienten Immer j\u00fcnger. Gemeinsamer Nenner Ist eine Fehlregulation des Immunsystems.<\/p>\n<p>&nbsp;<\/p>\n<p class=\"p1\"><strong>Hier setzt meln neues Modell f\u00fcr Immunsystem, Genetik, Evolution und Bewusstsein an, das Ursachen f\u00fcr chronische Erkrankungen erkl\u00e4ren und L\u00f6sungsans\u00e4tze bieten kann.<\/strong><\/p>\n<p>&nbsp;<\/p>\n<p class=\"p1\">Auf dem Fundament der ImmunSymblose entsteht eine Medizin In neuem Licht &#8211; die Medizin Reloaded. Dabel spielt die bisher vernachl\u00e4ssigte Lernf\u00e4higkeit unserer Stammzellen eine entscheidende Rolle. Sie selektieren Informationen nach neu oder bekannt, nicht nach Freund oder Feind, bilden die Au\u00dfenwelt wie ein Hologramm in uns ab und bestimmen unsere Immunreaktionen.<\/p>\n<p>&nbsp;<\/p>\n<p class=\"p1\"><strong>Mit Medizin Reloaded m\u00f6chte Ich Sie einladen, das symblotische Zusam-mensplel von Mensch und Keimen neu zu betrachten: Demnach w\u00e4re eine Infektion kein Kampf des Organismus gegen einen Kelm, sondern genau das Gegentell &#8211; die Eingliederung des Keims In das Immunsystem zur Regulation und Weiterentwicklung unseres Organismus. Erst die fehlende oder fehlerhafte Integration eines Keims wird zum Ausl\u00f6ser von chronischen Symptomen oder Krebs.<\/strong><\/p>\n<p>&nbsp;<\/p>\n<p class=\"p1\">Wie immer sind meine Gedanken mit wissenschaftlichen Studien untermauert und dennoch, so hoffe ich, nicht nur f\u00fcr medizinisch vorgebildete Leserinnen und Leser, sondern f\u00fcr alle Interessierten verst\u00e4ndlich aufbereitet.<\/p>\n<p>&nbsp;<\/p>\n<p class=\"p1\">Therapievorschl\u00e4ge beinhalten die Hintergr\u00fcnde und die Anwendung von Komplex- und Frequenzakkorden, wie ich sie in meiner Praxis anwende.<\/p>\n<\/div>\n<\/div>\n<\/div>\n<p>[\/vc_column_text][\/vc_column][vc_column width=&#8220;1\/3&#8243; css=&#8220;.vc_custom_1551454361259{margin-left: 75px !important;}&#8220; offset=&#8220;vc_hidden-sm vc_hidden-xs&#8220;][vc_empty_space][vc_single_image image=&#8220;23364&#8243; img_size=&#8220;medium&#8220; style=&#8220;vc_box_shadow_border&#8220; onclick=&#8220;link_image&#8220; qode_css_animation=&#8220;element_from_fade&#8220;][vc_separator type=&#8220;transparent&#8220; border_style=&#8220;&#8220; up=&#8220;25&#8243;]<a href=\"https:\/\/shop.sophiaviva.de\/Buch-Medizin-Reloaded-Vorbestellung\/MA1020\" target=\"_blank\"  class=\"qbutton \" style=\"\">zur Buchbestellung<\/a>[vc_separator type=&#8220;transparent&#8220; border_style=&#8220;&#8220; up=&#8220;25&#8243;][vc_column_text]ISBN: 978-3-9819157-3-0<\/p>\n<p>Verlag: SophiaMed<br \/>\nErscheinungsdatum: 25.06.2023<br \/>\n389 Seiten, Hard Cover<br \/>\nVerkaufspreis: \u20ac 45.-[\/vc_column_text][\/vc_column][\/vc_row][vc_row row_type=&#8220;row&#8220; use_row_as_full_screen_section=&#8220;no&#8220; type=&#8220;grid&#8220; text_align=&#8220;left&#8220; background_animation=&#8220;none&#8220; padding_top=&#8220;45&#8243; padding_bottom=&#8220;45&#8243; css_animation=&#8220;&#8220; background_color=&#8220;#ffffff&#8220;][vc_column width=&#8220;1\/3&#8243; css=&#8220;.vc_custom_1683107595112{padding-right: 75px !important;}&#8220;][vc_empty_space height=&#8220;96px&#8220;][vc_single_image image=&#8220;23366&#8243; img_size=&#8220;large&#8220; onclick=&#8220;link_image&#8220; qode_css_animation=&#8220;&#8220;][\/vc_column][vc_column width=&#8220;1\/3&#8243;][vc_empty_space][vc_column_text]<\/p>\n<div class=\"page\" title=\"Page 1\">\n<div class=\"layoutArea\">\n<div class=\"column\">\n<h4><strong>Inhaltsverzeichnis<\/strong><\/h4>\n<p>&nbsp;<\/p>\n<\/div>\n<\/div>\n<div class=\"layoutArea\">\n<div class=\"column\">\n<p>1\u00a0\u00a0\u00a0 Vorwort 17<\/p>\n<p>2\u00a0\u00a0\u00a0 Wie Sie dieses Buch lesen k\u00f6nnen 26<\/p>\n<p>&nbsp;<\/p>\n<p><strong>Teil I Zweifel am konventionellen Modell 31<\/strong><\/p>\n<p>3\u00a0\u00a0\u00a0 Keime als Krankheitserreger? 31<\/p>\n<p>4\u00a0\u00a0\u00a0 Was, wenn wir die ganze Zeit falsch lagen? 39<\/p>\n<p>&nbsp;<\/p>\n<p><strong>Teil II Gesundheit im neuen Modell 51<\/strong><\/p>\n<p>5\u00a0\u00a0\u00a0 Immunsystem Reloaded 51<\/p>\n<p>6\u00a0\u00a0\u00a0 Was ist ImmunSymbiose? 58<\/p>\n<p>7\u00a0\u00a0\u00a0 Puzzlest\u00fcck Proteom\u00fcberlappung 68<\/p>\n<p>8\u00a0\u00a0\u00a0 Trainierte Immunit\u00e4t TRIM 77<\/p>\n<p>9\u00a0\u00a0\u00a0 Immunsystem Reloaded\u00a093<\/p>\n<p>10\u00a0\u00a0\u00a0 Genetik Reloaded 117<\/p>\n<p>11\u00a0\u00a0\u00a0 Evolution Reloaded 147<\/p>\n<p>12\u00a0\u00a0\u00a0 Verbindung zur Au\u00dfenwelt 164<\/p>\n<p>13\u00a0\u00a0\u00a0 Struktur des Immunsystems Reloaded 210<\/p>\n<p>14\u00a0\u00a0\u00a0 Module des Immunsystems Reloaded 215<\/p>\n<p>15\u00a0\u00a0\u00a0 Immunglobuline \u2013 Antik\u00f6rper Reloaded 245<\/p>\n<p>16\u00a0\u00a0\u00a0 Immunsystem versus Nervensystem 292<\/p>\n<p>17\u00a0\u00a0\u00a0 Bewusstsein Reloaded 307<\/p>\n<p>18\u00a0\u00a0\u00a0 Ein Kapitel zur Entspannung 319<\/p>\n<\/div>\n<\/div>\n<\/div>\n<p>[\/vc_column_text][vc_separator type=&#8220;transparent&#8220; border_style=&#8220;&#8220; up=&#8220;10&#8243;][\/vc_column][vc_column width=&#8220;1\/3&#8243;][vc_empty_space][vc_column_text]<\/p>\n<div class=\"layoutArea\">\n<div class=\"column\">\n<h4><span style=\"color: #ffffff;\"><strong>.<\/strong><\/span><\/h4>\n<p>&nbsp;<\/p>\n<\/div>\n<\/div>\n<div class=\"layoutArea\">\n<div class=\"column\">\n<p><span style=\"color: #ffffff;\">.<\/span><\/p>\n<p><span style=\"color: #ffffff;\">.\u00a0 \u00a0\u00a0<\/span><\/p>\n<p>&nbsp;<\/p>\n<\/div>\n<\/div>\n<p><strong>TEIL III Krankheit im neuen Modell 323<\/strong><\/p>\n<p>19\u00a0\u00a0\u00a0 Trainierte Immunit\u00e4t und Krankheit 323<\/p>\n<p>20\u00a0\u00a0\u00a0 St\u00f6rungen der trainierten Immunit\u00e4t 336<\/p>\n<p>&nbsp;<\/p>\n<p><strong>Teil VI Diagnose im neuen Modell 371<\/strong><\/p>\n<p>21\u00a0\u00a0\u00a0 Anamnese 371<\/p>\n<p>22\u00a0\u00a0\u00a0 Interpretation von Laborbefunden 378<\/p>\n<p>&nbsp;<\/p>\n<p><strong>Teil V Behandlung im neuen Modell 399<\/strong><\/p>\n<p>23\u00a0\u00a0\u00a0 Hom\u00f6opathie 399<\/p>\n<p>24\u00a0\u00a0\u00a0 Frequenz- und Komplexakkorde 408<\/p>\n<p>25\u00a0\u00a0\u00a0 Kr\u00e4uterextrakt-Mischungen 424<\/p>\n<p>26\u00a0\u00a0\u00a0 Regeneration der Stammzellen 426<\/p>\n<p>27\u00a0\u00a0\u00a0 Fallbeispiel 453<\/p>\n<p>28\u00a0 \u00a0 Nach dem Buch ist vor dem Buch\u00a0 481[\/vc_column_text][\/vc_column][\/vc_row][vc_row row_type=&#8220;row&#8220; use_row_as_full_screen_section=&#8220;no&#8220; type=&#8220;grid&#8220; text_align=&#8220;left&#8220; background_animation=&#8220;none&#8220; css_animation=&#8220;&#8220; background_color=&#8220;#f8f8f8&#8243;][vc_column][vc_empty_space][vc_column_text]<strong>Haftungsausschluss<\/strong><\/p>\n<p>&nbsp;<\/p>\n<p>Die Inhalte dieser Seiten sind keine medizinischen Aussagen. Die Diagnose und Therapie von Krankheiten und anderen k\u00f6rperlichen St\u00f6rungen erfordert die Behandlung durch \u00c4rzte oder Heilpraktiker. Die Informationen auf diesen Seiten sind ausschlie\u00dflich informativ und sollten nicht als Ersatz f\u00fcr eine medizinische Behandlung verwendet werden. Das Risiko einer falschen Diagnose oder Behandlung kann nur durch die Einschaltung eines Arztes oder Heilpraktikers reduziert werden.<\/p>\n<p>&nbsp;<\/p>\n<p>Wie jede Wissenschaft ist auch die Medizin einer st\u00e4ndigen Entwicklung unterworfen. Forschung und klinische Erfahrung erweitern unser Wissen, insbesondere im Hinblick auf die Behandlung und die Arzneimitteltherapie. Soweit auf diesen Seiten eine Anwendung, Dosierung oder ein bestimmtes medizinisches oder ern\u00e4hrungstherapeutisches Verfahren erw\u00e4hnt wird, kann keine Garantie \u00fcbernommen werden.<\/p>\n<p>&nbsp;<\/p>\n<p>Jeder Anwender ist angehalten, sorgf\u00e4ltig zu pr\u00fcfen und ggf. einen Fachmann zu konsultieren, ob die angegebenen Empfehlungen und Richtwerte im konkreten Fall zutreffend sind. Jegliche Dosierung, Anwendung oder Therapie erfolgt auf eigenes Risiko des Anwenders.[\/vc_column_text][vc_empty_space][vc_column_text]<strong>Weshalb wir von einer Selbstbehandlung dringend abraten<\/strong><\/p>\n<p>&nbsp;<\/p>\n<p>Eine der besonderen St\u00e4rken dieser Medizin liegt in der individuellen Behandlung eines jeden Patienten. Die Mittel, ihre Dosierung, ihre Kombinierbarkeit mit anderen Mitteln und die Dauer der Einnahme werden mittels ART-Testung genau festgelegt. Auf diese Weise werden Sie bestm\u00f6glich betreut und bei Irritationen oder unerw\u00fcnschten Reaktionen wird korrigiert und angepasst. Diese Art der Kontrolle kann ein Patient \u2013 selbst bei einiger Grundkenntnis \u2013 f\u00fcr sich selbst nicht leisten! Der Weg \u00fcber einen ausgebildeten Therapeuten f\u00fchrt Sie schneller und zuverl\u00e4ssiger und ohne kostspielige Irrt\u00fcmer zu Ihrem Ziel, n\u00e4mlich wieder gesund zu werden.[\/vc_column_text][vc_empty_space][\/vc_column][\/vc_row]<\/p>\n<\/div>","protected":false},"excerpt":{"rendered":"<p>[vc_row row_type=&#8220;row&#8220; use_row_as_full_screen_section=&#8220;no&#8220; type=&#8220;grid&#8220; text_align=&#8220;left&#8220; background_animation=&#8220;none&#8220; padding_top=&#8220;10&#8243; padding_bottom=&#8220;10&#8243; css_animation=&#8220;&#8220; background_color=&#8220;#ffffff&#8220; css=&#8220;.vc_custom_1738340023092{padding-top: 25px !important;}&#8220; el_id=&#8220;content&#8220;][vc_column width=&#8220;2\/3&#8243; offset=&#8220;vc_hidden-sm vc_hidden-xs&#8220;][vc_empty_space][vc_column_text] Medzin Reloaded 2021 wurde in den USA bei 60 Prozent der Erwachsenen eine chronische oder autolmmune Erkrankung diagnos-tiziert. Nicht eingerechnet sind Betroffene mit diffusen Symptomen wie Ersch\u00f6pf-ung, Schlafst\u00f6rungen,&#8230;<\/p>\n","protected":false},"author":5,"featured_media":0,"parent":0,"menu_order":0,"comment_status":"closed","ping_status":"closed","template":"full_width.php","meta":{"footnotes":""},"class_list":["post-23315","page","type-page","status-publish","hentry"],"_links":{"self":[{"href":"https:\/\/www.sophiamed.de\/index.php\/wp-json\/wp\/v2\/pages\/23315","targetHints":{"allow":["GET"]}}],"collection":[{"href":"https:\/\/www.sophiamed.de\/index.php\/wp-json\/wp\/v2\/pages"}],"about":[{"href":"https:\/\/www.sophiamed.de\/index.php\/wp-json\/wp\/v2\/types\/page"}],"author":[{"embeddable":true,"href":"https:\/\/www.sophiamed.de\/index.php\/wp-json\/wp\/v2\/users\/5"}],"replies":[{"embeddable":true,"href":"https:\/\/www.sophiamed.de\/index.php\/wp-json\/wp\/v2\/comments?post=23315"}],"version-history":[{"count":60,"href":"https:\/\/www.sophiamed.de\/index.php\/wp-json\/wp\/v2\/pages\/23315\/revisions"}],"predecessor-version":[{"id":23535,"href":"https:\/\/www.sophiamed.de\/index.php\/wp-json\/wp\/v2\/pages\/23315\/revisions\/23535"}],"wp:attachment":[{"href":"https:\/\/www.sophiamed.de\/index.php\/wp-json\/wp\/v2\/media?parent=23315"}],"curies":[{"name":"wp","href":"https:\/\/api.w.org\/{rel}","templated":true}]}}