{"id":22435,"date":"2019-01-05T04:28:21","date_gmt":"2019-01-05T03:28:21","guid":{"rendered":"https:\/\/www.sophiamed.de\/?page_id=22435"},"modified":"2025-01-31T17:12:06","modified_gmt":"2025-01-31T16:12:06","slug":"startseite","status":"publish","type":"page","link":"https:\/\/www.sophiamed.de\/","title":{"rendered":"Startseite"},"content":{"rendered":"<div class=\"wpb-content-wrapper\"><p>[vc_row row_type=&#8220;row&#8220; use_row_as_full_screen_section=&#8220;no&#8220; type=&#8220;full_width&#8220; text_align=&#8220;left&#8220; background_animation=&#8220;none&#8220; css_animation=&#8220;&#8220; el_id=&#8220;content&#8220;][vc_column][vc_row_inner row_type=&#8220;row&#8220; type=&#8220;grid&#8220; use_row_as_full_screen_section_slide=&#8220;no&#8220; anchor=&#8220;portal&#8220; text_align=&#8220;left&#8220; padding_top=&#8220;75&#8243; padding_bottom=&#8220;45&#8243; css_animation=&#8220;&#8220;][vc_column_inner][vc_column_text]<\/p>\n<h6><span style=\"color: #8b8b8b;\">WILLKOMMEN<\/span><\/h6>\n<p>[\/vc_column_text][vc_separator type=&#8220;transparent&#8220; border_style=&#8220;&#8220; up=&#8220;20&#8243; down=&#8220;0&#8243;][vc_column_text]<\/p>\n<h2>Informationsportal SophiaMed\u00ae<\/h2>\n<p>[\/vc_column_text][\/vc_column_inner][\/vc_row_inner][vc_row_inner row_type=&#8220;row&#8220; type=&#8220;grid&#8220; use_row_as_full_screen_section_slide=&#8220;no&#8220; text_align=&#8220;left&#8220; padding_top=&#8220;25&#8243; padding_bottom=&#8220;85&#8243; css_animation=&#8220;&#8220;][vc_column_inner width=&#8220;2\/3&#8243; css=&#8220;.vc_custom_1546545983338{margin-right: 20px !important;}&#8220;][vc_column_text]<strong>SophiaMed m\u00f6chte als Informationsplattform Wissen aus dem Bereich der komplement\u00e4ren Medizin und Heilkunde verbreiten.<\/strong><\/p>\n<p>&nbsp;<\/p>\n<p>Hierzu werden im eigenen Verlag B\u00fccher ver\u00f6ffentlicht und das Wissen in Seminaren und Vortr\u00e4gen weitergegeben.<\/p>\n<p>&nbsp;<\/p>\n<p><strong>Es ist ein gro\u00dfes Anliegen von SophiaMed, eine Symbiose in der Heilkunde zu schaffen, Br\u00fccken zwischen verschiedenen Ans\u00e4tzen in der Medizin\u00a0zu schlagen und m\u00f6glichst vielen Menschen Zugang zu Wissen aus allen Bereichen zu erm\u00f6glichen.\u00a0<\/strong><\/p>\n<p>&nbsp;<\/p>\n<p>Auf ihrer Indien-Reise Anfang November 2019 unterschrieb Kanzlerin Dr. Angela Merkel eine Absichtserkl\u00e4rung, die klassische Schulmedizin des Westens mit der traditionellen Heilkunst Indiens zu verbinden, angestrebt ist eine Zusammenarbeit auf den Gebieten Ayurveda, Yoga und Meditation. Das ist doch ein wunderbarer Anfang![\/vc_column_text][\/vc_column_inner][vc_column_inner width=&#8220;1\/3&#8243;][vc_separator type=&#8220;transparent&#8220; border_style=&#8220;&#8220; up=&#8220;15&#8243; down=&#8220;0&#8243;][\/vc_column_inner][\/vc_row_inner][\/vc_column][\/vc_row][vc_row row_type=&#8220;row&#8220; use_row_as_full_screen_section=&#8220;no&#8220; type=&#8220;full_width&#8220; text_align=&#8220;left&#8220; background_animation=&#8220;none&#8220; css_animation=&#8220;&#8220;][vc_column][vc_empty_space][\/vc_column][\/vc_row]<\/p>\n<\/div>","protected":false},"excerpt":{"rendered":"<p>[vc_row row_type=&#8220;row&#8220; use_row_as_full_screen_section=&#8220;no&#8220; type=&#8220;full_width&#8220; text_align=&#8220;left&#8220; background_animation=&#8220;none&#8220; css_animation=&#8220;&#8220; el_id=&#8220;content&#8220;][vc_column][vc_row_inner row_type=&#8220;row&#8220; type=&#8220;grid&#8220; use_row_as_full_screen_section_slide=&#8220;no&#8220; anchor=&#8220;portal&#8220; text_align=&#8220;left&#8220; padding_top=&#8220;75&#8243; padding_bottom=&#8220;45&#8243; css_animation=&#8220;&#8220;][vc_column_inner][vc_column_text] WILLKOMMEN [\/vc_column_text][vc_separator type=&#8220;transparent&#8220; border_style=&#8220;&#8220; up=&#8220;20&#8243; down=&#8220;0&#8243;][vc_column_text] Informationsportal SophiaMed\u00ae [\/vc_column_text][\/vc_column_inner][\/vc_row_inner][vc_row_inner row_type=&#8220;row&#8220; type=&#8220;grid&#8220; use_row_as_full_screen_section_slide=&#8220;no&#8220; text_align=&#8220;left&#8220; padding_top=&#8220;25&#8243; padding_bottom=&#8220;85&#8243; css_animation=&#8220;&#8220;][vc_column_inner width=&#8220;2\/3&#8243; css=&#8220;.vc_custom_1546545983338{margin-right: 20px !important;}&#8220;][vc_column_text]SophiaMed m\u00f6chte als Informationsplattform Wissen aus dem Bereich der komplement\u00e4ren&#8230;<\/p>\n","protected":false},"author":2,"featured_media":0,"parent":0,"menu_order":0,"comment_status":"closed","ping_status":"closed","template":"full_width.php","meta":{"footnotes":""},"class_list":["post-22435","page","type-page","status-publish","hentry"],"_links":{"self":[{"href":"https:\/\/www.sophiamed.de\/index.php\/wp-json\/wp\/v2\/pages\/22435","targetHints":{"allow":["GET"]}}],"collection":[{"href":"https:\/\/www.sophiamed.de\/index.php\/wp-json\/wp\/v2\/pages"}],"about":[{"href":"https:\/\/www.sophiamed.de\/index.php\/wp-json\/wp\/v2\/types\/page"}],"author":[{"embeddable":true,"href":"https:\/\/www.sophiamed.de\/index.php\/wp-json\/wp\/v2\/users\/2"}],"replies":[{"embeddable":true,"href":"https:\/\/www.sophiamed.de\/index.php\/wp-json\/wp\/v2\/comments?post=22435"}],"version-history":[{"count":74,"href":"https:\/\/www.sophiamed.de\/index.php\/wp-json\/wp\/v2\/pages\/22435\/revisions"}],"predecessor-version":[{"id":23250,"href":"https:\/\/www.sophiamed.de\/index.php\/wp-json\/wp\/v2\/pages\/22435\/revisions\/23250"}],"wp:attachment":[{"href":"https:\/\/www.sophiamed.de\/index.php\/wp-json\/wp\/v2\/media?parent=22435"}],"curies":[{"name":"wp","href":"https:\/\/api.w.org\/{rel}","templated":true}]}}